f k(-19)?
6
Let s(m) = -65*m - 232. What is the hundreds digit of s(-19)?
0
Let z be (14 + 45)*((1 - 2) + 3). Let i = -80 + z. What is the tens digit of i?
3
Let m = 3 + 0. Suppose 2*c + 2*w = 34, m*c = -c + 5*w + 50. Suppose -a + c = 4*i, -3 = -5*i + 2*a + 6. What is the units digit of i?
3
Let w = 269 - -226. What is the tens digit of w?
9
Suppose -o = 4*k - 1 - 12, 4*k - 5*o - 7 = 0. Suppose 0*d - 26 = -u + 5*d, 30 = 3*u - k*d. Suppose u*r = 193 + 59. What is the tens digit of r?
4
Let v(r) = 9*r**3 + 3*r - 2. Suppose 4*j - 12 = 4*a, -3*j + 13 = -a - 0*a. Let g be (3/(-9))/(a/(-6)). What is the tens digit of v(g)?
1
Let d be (-2)/2 + 21 - 0. What is the tens digit of d + 1 + -4 + 4?
2
What is the hundreds digit of ((-1334)/4)/((-20)/40)?
6
Let x(h) = -1 + 5 - h + 11. Let k be x(10). Suppose -3*u + 2*v + 27 = 0, k*u - 5*v - 31 = 14. What is the units digit of u?
9
Let t = 888 + -780. What is the tens digit of t?
0
Let x(p) = p**3 + 11*p**2 - 10*p + 29. Let g be x(-12). Suppose -f - 4*m = 2, 2*f + 2*m - 18 = g*m. What is the units digit of f?
6
Suppose 624 = 32*p - 28*p. What is the units digit of p?
6
Let b be 156/108 + 12/(-27). Let c be ((-2)/(-3))/((-1)/(-3)). Suppose -b = -c*z + 3. What is the units digit of z?
2
Let t(u) = 7*u - 2. Let y be t(1). Suppose 6*w - o = 5*w + 4, o = y. What is the units digit of w?
9
Suppose -5*m = -12 - 3, -5*o - 4*m = 33. Let q = -9 - o. Suppose q = -4*v + 6*v - 40. What is the units digit of v?
0
Suppose -4*f - 17 - 127 = 0. Let z = 41 - f. What is the units digit of z?
7
Let m(t) = 2*t**2 + 5*t - 7. Let w = -8 - -11. What is the tens digit of m(w)?
2
Let o(w) = w**3 - w**2 - 7*w + 6. Let a be o(3). Suppose a*r = 2*z + 223, -4*r - 3*z + 0*z + 269 = 0. What is the units digit of r?
1
Let x be ((-21)/(-9) + -2)*-12. What is the tens digit of 81 - (-4 - (-4 + x))?
7
Let o(y) = 2*y - y + 8*y - 10. Suppose 11*n - 9*n = 8. What is the tens digit of o(n)?
2
Suppose 2*u - i - 38 = 0, 37*u - 81 = 32*u - i. What is the tens digit of u?
1
Suppose -3*l = 77 + 94. Let t = 34 + l. Let b = t - -40. What is the units digit of b?
7
Suppose 2*h + 53 - 1333 = 0. What is the units digit of h?
0
Let s(d) = -2*d + 2*d - 3*d - d**2 - 8*d - 6. Let w be (-46)/6 - (-10)/(-45)*-3. What is the tens digit of s(w)?
2
Suppose 3*q = -6 + 36. Let b(w) = 10 + 8 - q + 9 + 2*w. What is the units digit of b(-7)?
3
Suppose -2019 + 639 = -10*y. What is the hundreds digit of y?
1
Suppose 5 = 2*k - 3. Let n(c) = 4*c**2 + 2*c + 3. Let m be n(k). Suppose 2*b - 73 = -5*r - 2*b, 5*b = -5*r + m. What is the tens digit of r?
1
Suppose 0 = 5*f - 10*f + 245. What is the units digit of (-780)/(-14) + 14/f?
6
Suppose -628*w + 631*w - 11511 = 0. What is the thousands digit of w?
3
Suppose -y - 5*g + 1662 = 0, 0 = -4*y + 6*g - g + 6648. What is the tens digit of y?
6
Let l be (-10)/4*(-22 + 36). What is the units digit of (340 - 0)*(-8 - 294/l)?
6
Let q(r) = 5*r**2 + r + 8. Let u(l) = -4*l**2 - 7. Let w(d) = 6*q(d) + 7*u(d). Suppose 0 = 2*a + 2*a + 16. What is the units digit of w(a)?
7
Let x(n) = 2*n**3 + 10*n**2 - 2*n + 6. Let w(z) = 3*z**3 + 11*z**2 - 3*z + 6. Let b(g) = -3*w(g) + 4*x(g). What is the tens digit of b(5)?
6
Suppose d - 3*k - 2*k = 290, 0 = -4*d - 4*k + 1232. Let o = -214 + d. Let y = o + -58. What is the tens digit of y?
3
Let h(v) = -v**2 + 6*v + 10. Suppose -2*s - 3*s = -j - 12, -j - 4*s + 24 = 0. Let f be h(j). Let w(u) = u**2 - 2*u + 1. What is the units digit of w(f)?
9
Let v(c) = -103*c**3 - 3*c**2 - 2*c - 6. What is the tens digit of v(-2)?
1
Let y be 12 + -3 + -1 + 4. Let m(d) = -d**3 + 13*d**2 - 13*d + 14. Let j be m(y). Suppose j*i + 4*l = 28, -l - 6 + 23 = i. What is the units digit of i?
0
Let h(g) = 4*g + 1. Let x be -51*(14/(-6) - -2). Let u = x + -16. What is the units digit of h(u)?
5
Suppose 45*b = 26*b + 323. What is the units digit of b?
7
Suppose 4*d - 108 = -3*a, -4*a + 2*d - 194 = -9*a. Let m be 68 + 2/(-1) + 0. Let j = m - a. What is the tens digit of j?
2
Let x(k) = k**3 + 22*k**2 + 27*k - 19. What is the units digit of x(-18)?
1
Suppose 3*p - 70005 = -12*p. What is the thousands digit of p?
4
Suppose -2*d + 2752 - 38 = -4*x, 2*x - 6 = 0. What is the hundreds digit of d?
3
Suppose -13*k + 12*k = -2. Suppose -2*y + 288 = k*y. What is the units digit of y?
2
Let r(o) = 78*o**2 + 7*o - 2. What is the units digit of r(2)?
4
Let m(d) = d**2 + 9*d - 20. Let i(z) = -z**2 - 7*z - 1. Let f be i(-6). What is the tens digit of m(f)?
5
Suppose 3*j - 2*v - 11605 = 0, 4*j - 23654 = 4*v - 8178. What is the units digit of j?
7
Let g(j) = -3572*j + 93. What is the tens digit of g(-1)?
6
Let b = 51 - 26. Let w = 48 - b. Suppose w = d - 0*d. What is the tens digit of d?
2
Suppose 3*q - 12 = 0, 0*p - 2*q - 107 = -5*p. Suppose 3 = 2*k + p. Let d = k + 13. What is the units digit of d?
3
Suppose -6*r = -2*r + 8. Let k be 5/(((-4)/2)/r). Suppose -k*b + 5 = -25. What is the units digit of b?
6
Suppose 0 = 17*w + 21*w - 62244. What is the thousands digit of w?
1
Suppose 0 = -5*d + 3*d + 584. Suppose 0 = -4*b - 4*y + d, -3*y = -5*b + 166 + 191. What is the tens digit of b?
7
Suppose -3 = -5*v + 22. What is the tens digit of (-35)/14*(-52)/v?
2
Let s be 1 + -3*4*3/(-18). Let y be (-1)/3 + 229/3. Suppose 5*h + s*a = y, 2*a + 46 = 4*h - 3*a. What is the tens digit of h?
1
Let z(u) = -2*u - 8. Let j be z(-6). Suppose 0 = 9*h - j*h - 250. What is the tens digit of h?
5
Let g(d) = 3*d - 10. Let i be g(4). Suppose -i*s + 2*x + 74 + 52 = 0, -2*x + 126 = 2*s. Suppose -4*q + 37 + s = 0. What is the units digit of q?
5
Let b(l) = -4188*l - 3. What is the hundreds digit of b(-1)?
1
What is the tens digit of (-12)/(-96) - (0 - (-4423)/(-8))?
5
Let x(w) = -w**2 - 8*w - 6. Let b be x(-6). Suppose 198 = b*a - 48. What is the units digit of a?
1
Let t = 7675 + -4121. What is the tens digit of t?
5
Let c be (-27)/(-45) - 17/(-5). Suppose 5*r - u = 256, -c*u = -3*r + u + 158. Suppose -4*z - 3*i + 107 = 0, -5*z - 2*i = r - 183. What is the units digit of z?
6
Let g = -26 - -14. Let d be 0/(g/(-3) + -2). Suppose d = -x - 2 + 22. What is the tens digit of x?
2
Suppose -43*v + 66120 = -23*v. What is the hundreds digit of v?
3
Suppose -4*z + 29 = 5*s, -4*z = 3*s - 0*z - 19. Suppose 0 = s*l - 397 - 153. What is the units digit of l?
0
Let l = -12 + 12. Let m(q) = q**3 + q**2 + q + 1. What is the units digit of m(l)?
1
Let d(h) = -4*h + 1. Let v be d(8). Let n = v - -50. What is the units digit of n?
9
Let f = 4 - 1. Suppose -b = f*b + 2600. What is the tens digit of b/(-20) + (-2)/4?
3
Let k(x) = x**3 - 9*x**2 + x - 7. Let q be k(9). Let h = q + -2. Suppose l + h - 9 = -z, 3*l - 4*z - 13 = 0. What is the units digit of l?
7
Suppose -4*c + 3*d = 3, c + 5*d + 1 = 6. Suppose c = -4*l + 5 + 3. What is the units digit of l*1 + (-35)/(-5)?
9
Suppose w = 5*f + 20, 2*f - 11 = -w - 2*f. Let b = -14 + w. Let q(h) = 34*h**2 - 2*h + 1. What is the tens digit of q(b)?
3
Let o = -279 + 1033. What is the units digit of o?
4
Suppose 1660 = 4*d + 16*d. What is the tens digit of d?
8
Let s(v) = -v**3 + 5*v**2 + 5*v - 1. Let q(t) = -t**3 + 7*t**2 + 8*t + 6. Let d be q(8). Let w be s(d). Let h = 11 + w. What is the units digit of h?
4
Let o = 2953 - 1548. What is the tens digit of o?
0
Suppose -2174 = -5*g - 4*t, -t + 2078 = 5*g - 93. What is the tens digit of g?
3
What is the hundreds digit of -15 + 15 + -5 + 1449?
4
What is the thousands digit of (-32)/(-20)*9615/6 - 6?
2
Let h = -20 - -37. Let g = 12 - h. Let k(i) = -i. What is the units digit of k(g)?
5
What is the units digit of 84/(-10)*(-15)/18*2?
4
Let r be (1 - (-1)/(-5)) + (-183)/(-15). Suppose 0*g - 2301 = -r*g. What is the tens digit of g?
7
Let n = 51 - 51. Suppose 6*k - 40 - 194 = n. What is the tens digit of k?
3
Let w = 381 - 120. Suppose -3*l + w = -3. Suppose 4*r + u - 104 = 3*u, l = 4*r + 2*u. What is the units digit of r?
4
Let o(q) = 341*q**3 + 8*q**2 - 11*q. What is the hundreds digit of o(2)?
7
Suppose -f = -2*b - 484, 15*b - 11*b = 4*f - 1924. What is the tens digit of f?
7
Let v = -19 - -20. Let o(q) = 46*q + 2. Let h be o(v). Suppose -2*p + h = 5*r - 59, 3*r - p = 62. What is the tens digit of r?
2
Let r(k) be the third derivative of -k**6/120 + k**5/10 + k**4/12 + 5*k**3/3 + 2*k**2. What is the tens digit